st the prime factors of 246.
2, 3, 41
List the prime factors of 697.
17, 41
List the prime factors of 15609.
3, 11, 43
List the prime factors of 15834.
2, 3, 7, 13, 29
List the prime factors of 386.
2, 193
What are the prime factors of 53436?
2, 3, 61, 73
List the prime factors of 451.
11, 41
What are the prime factors of 2258?
2, 1129
List the prime factors of 20270.
2, 5, 2027
List the prime factors of 1239.
3, 7, 59
What are the prime factors of 46615?
5, 9323
List the prime factors of 32288.
2, 1009
What are the prime factors of 13257?
3, 491
What are the prime factors of 36861?
3, 11, 1117
List the prime factors of 40055.
5, 8011
What are the prime factors of 5846?
2, 37, 79
List the prime factors of 155.
5, 31
What are the prime factors of 2012?
2, 503
What are the prime factors of 1756?
2, 439
List the prime factors of 1918.
2, 7, 137
List the prime factors of 5129.
23, 223
List the prime factors of 26200.
2, 5, 131
What are the prime factors of 44558?
2, 22279
List the prime factors of 18717.
3, 17, 367
What are the prime factors of 1299?
3, 433
List the prime factors of 26540.
2, 5, 1327
List the prime factors of 61360.
2, 5, 13, 59
What are the prime factors of 79410?
2, 3, 5, 2647
What are the prime factors of 519?
3, 173
What are the prime factors of 2848?
2, 89
List the prime factors of 902.
2, 11, 41
List the prime factors of 106763.
241, 443
List the prime factors of 23628.
2, 3, 11, 179
What are the prime factors of 66883?
66883
What are the prime factors of 7321?
7321
List the prime factors of 462.
2, 3, 7, 11
What are the prime factors of 2361?
3, 787
What are the prime factors of 3596?
2, 29, 31
What are the prime factors of 9134?
2, 4567
List the prime factors of 3672.
2, 3, 17
What are the prime factors of 276?
2, 3, 23
List the prime factors of 10005.
3, 5, 23, 29
What are the prime factors of 3187?
3187
What are the prime factors of 1522?
2, 761
List the prime factors of 54.
2, 3
What are the prime factors of 51357?
3, 17, 19, 53
What are the prime factors of 25613?
7, 3659
What are the prime factors of 1510?
2, 5, 151
List the prime factors of 9085.
5, 23, 79
What are the prime factors of 1103?
1103
What are the prime factors of 496?
2, 31
List the prime factors of 128.
2
List the prime factors of 1709.
1709
List the prime factors of 11899.
73, 163
What are the prime factors of 29705?
5, 13, 457
List the prime factors of 915.
3, 5, 61
What are the prime factors of 12249?
3, 1361
What are the prime factors of 2146?
2, 29, 37
What are the prime factors of 2743?
13, 211
List the prime factors of 1986.
2, 3, 331
List the prime factors of 574.
2, 7, 41
What are the prime factors of 2102?
2, 1051
List the prime factors of 9861.
3, 19, 173
What are the prime factors of 65984?
2, 1031
List the prime factors of 42534.
2, 3, 17, 139
What are the prime factors of 16242?
2, 3, 2707
What are the prime factors of 1832?
2, 229
What are the prime factors of 4825?
5, 193
List the prime factors of 23412.
2, 3, 1951
List the prime factors of 58904.
2, 37, 199
What are the prime factors of 2308?
2, 577
What are the prime factors of 2218?
2, 1109
List the prime factors of 3684.
2, 3, 307
List the prime factors of 464.
2, 29
What are the prime factors of 357?
3, 7, 17
What are the prime factors of 349?
349
What are the prime factors of 24175?
5, 967
What are the prime factors of 31051?
31051
List the prime factors of 6178.
2, 3089
What are the prime factors of 20314?
2, 7, 1451
What are the prime factors of 1233?
3, 137
List the prime factors of 6565.
5, 13, 101
What are the prime factors of 5241?
3, 1747
What are the prime factors of 900?
2, 3, 5
What are the prime factors of 66350?
2, 5, 1327
List the prime factors of 49602.
2, 3, 7, 1181
What are the prime factors of 17?
17
What are the prime factors of 35811?
3, 23, 173
What are the prime factors of 6070?
2, 5, 607
What are the prime factors of 30735?
3, 5, 683
What are the prime factors of 3145?
5, 17, 37
What are the prime factors of 30838?
2, 17, 907
List the prime factors of 3928.
2, 491
List the prime factors of 1393.
7, 199
List the prime factors of 36303.
3, 12101
List the prime factors of 5309.
5309
What are the prime factors of 583?
11, 53
What are the prime factors of 42746?
2, 11, 29, 67
List the prime factors of 842.
2, 421
What are the prime factors of 239?
239
What are the prime factors of 296?
2, 37
List the prime factors of 6365.
5, 19, 67
List the prime factors of 690.
2, 3, 5, 23
List the prime factors of 37666.
2, 37, 509
List the prime factors of 9098.
2, 4549
List the prime factors of 23843.
113, 211
List the prime factors of 20046.
2, 3, 13, 257
List the prime factors of 676.
2, 13
What are the prime factors of 14559?
3, 23, 211
List the prime factors of 3119.
3119
What are the prime factors of 1275?
3, 5, 17
List the prime factors of 4889.
4889
What are the prime factors of 402?
2, 3, 67
List the prime factors of 4856.
2, 607
List the prime factors of 1192.
2, 149
What are the prime factors of 421?
421
What are the prime factors of 12046?
2, 19, 317
List the prime factors of 20014.
2, 10007
What are the prime factors of 675?
3, 5
What are the prime factors of 561?
3, 11, 17
What are the prime factors of 1009?
1009
List the prime factors of 23787.
3, 881
What are the prime factors of 114280?
2, 5, 2857
List the prime factors of 2870.
2, 5, 7, 41
What are the prime factors of 9196?
2, 11, 19
What are the prime factors of 115235?
5, 19, 1213
What are the prime factors of 826?
2, 7, 59
List the prime factors of 23307.
3, 17, 457
What are the prime factors of 8202?
2, 3, 1367
What are the prime factors of 12601?
12601
What are the prime factors of 86928?
2, 3, 1811
What are the prime factors of 173?
173
What are the prime factors of 1054?
2, 17, 31
What are the prime factors of 3946?
2, 1973
What are the prime factors of 985?
5, 197
What are the prime factors of 716?
2, 179
What are the prime factors of 3911?
3911
List the prime factors of 5072.
2, 317
List the prime factors of 763.
7, 109
What are the prime factors of 1667?
1667
What are the prime factors of 34332?
2, 3, 2861
List the prime factors of 1325.
5, 53
What are the prime factors of 2348?
2, 587
What are the prime factors of 8827?
7, 13, 97
What are the prime factors of 270?
2, 3, 5
What are the prime factors of 8550?
2, 3, 5, 19
List the prime factors of 1043.
7, 149
What are the prime factors of 1816?
2, 227
List the prime factors of 15094.
2, 7547
What are the prime factors of 14162?
2, 73, 97
List the prime factors of 2460.
2, 3, 5, 41
What are the prime factors of 3126?
2, 3, 521
What are the prime factors of 6891?
3, 2297
What are the prime factors of 69443?
11, 59, 107
What are the prime factors of 1816?
2, 227
What are the prime factors of 226?
2, 113
What are the prime factors of 7308?
2, 3, 7, 29
What are the prime factors of 193?
193
List the prime factors of 10291.
41, 251
What are the prime factors of 959?
7, 137
What are the prime factors of 12287?
11, 1117
List the prime factors of 1949.
1949
What are the prime factors of 29596?
2, 7, 151
What are the prime factors of 928?
2, 29
What are the prime factors of 943?
23, 41
What are the prime factors of 386?
2, 193
List the prime factors of 2956.
2, 739
List the prime factors of 10754.
2, 19, 283
What are the prime factors of 1680?
2, 3, 5, 7
What are the prime factors of 25346?
2, 19, 23, 29
List the prime factors of 4166.
2, 2083
What are the prime factors of 90512?
2, 5657
List the prime factors of 159445.
5, 11, 13, 223
List the prime factors of 3937.
31, 127
List the prime factors of 61253.
61253
What are the prime factors of 69?
3, 23
List the prime factors of 101330.
2, 5, 10133
What are the prime factors of 4119?
3, 1373
What are the prime factors of 287?
7, 41
What are the prime factors of 65919?
3, 7, 43, 73
List the prime factors of 1418.
2, 709
What are the prime factors of 63135?
3, 5, 23, 61
List the prime factors of 1560.
2, 3, 5, 13
List the prime factors of 1652.
2, 7, 59
What are the prime factors of 1772?
2, 443
What are the prime factors of 18982?
2, 9491
What are the prime factors of 124?
2, 31
List the prime factors of 1124.
2, 281
What are the prime factors of 116?
2, 29
List the prime factors of 38117.
47, 811
What are 